833155 prime?
False
Is 1933037 a prime number?
True
Is 633043277 a composite number?
False
Is 20632621 composite?
False
Is 17862061 a prime number?
False
Is 1776305 a composite number?
True
Is 2079750347 composite?
False
Is 53351267 a prime number?
True
Is 89063669 prime?
False
Is 11637233 prime?
True
Is 2555771 prime?
False
Is 12642689 prime?
False
Is 10061267 a composite number?
True
Is 7373902 a prime number?
False
Is 980821 a composite number?
True
Is 6464221 composite?
False
Is 72687 prime?
False
Is 367234177 a composite number?
False
Is 883765217 a composite number?
True
Is 17161457 prime?
True
Is 9632027 composite?
False
Is 55987 prime?
True
Is 717841 a prime number?
True
Is 755033 a composite number?
False
Is 3613759 prime?
True
Is 3215923 a composite number?
False
Is 3715433 a prime number?
True
Is 18072331 a prime number?
False
Is 115993003 prime?
False
Is 75826291 a composite number?
False
Is 61443007 a prime number?
True
Is 1913003 a prime number?
True
Is 12339017 composite?
True
Is 902717 prime?
False
Is 203462809 composite?
True
Is 642359 a prime number?
True
Is 5371703 composite?
True
Is 24846319 a prime number?
False
Is 264990643 composite?
True
Is 474248917 a prime number?
True
Is 53759 prime?
True
Is 5665197 a composite number?
True
Is 3002773 a composite number?
False
Is 74892523 a composite number?
True
Is 1461127 composite?
False
Is 61011271 a prime number?
True
Is 1938173 composite?
False
Is 3231353 a composite number?
True
Is 106466773 prime?
False
Is 207844759 a prime number?
False
Is 5801843 composite?
False
Is 26187607 prime?
True
Is 573008483 prime?
True
Is 215414777 a prime number?
False
Is 7025897 a prime number?
False
Is 40732943 a composite number?
True
Is 385331 a prime number?
True
Is 800693 a composite number?
False
Is 2294819 a composite number?
False
Is 1927853659 composite?
False
Is 2049533 composite?
False
Is 2030423 a prime number?
False
Is 61668989 a prime number?
True
Is 21414761 prime?
True
Is 529003 prime?
True
Is 6247883 composite?
True
Is 24290699 a composite number?
False
Is 99144883 prime?
True
Is 4619399 a composite number?
False
Is 342857 a composite number?
True
Is 95414839 composite?
True
Is 5731 composite?
True
Is 14602259 a prime number?
False
Is 17860679 composite?
True
Is 57988219 composite?
True
Is 3471899 prime?
True
Is 3252955 a composite number?
True
Is 3144949 composite?
True
Is 214280263 prime?
True
Is 618799 a composite number?
False
Is 84599653 composite?
True
Is 1153459 a composite number?
False
Is 11160407 a composite number?
False
Is 2554499 composite?
True
Is 41757277 composite?
True
Is 4965041 a prime number?
False
Is 286900073 a composite number?
True
Is 6685117 composite?
False
Is 172566649 prime?
True
Is 4153771 prime?
True
Is 10530733 a composite number?
True
Is 5268151 a composite number?
True
Is 182622007 composite?
True
Is 6503771 composite?
False
Is 4464443 a prime number?
True
Is 426160327 prime?
False
Is 62149783 prime?
True
Is 21849929 a composite number?
True
Is 1006969 a prime number?
True
Is 717233 prime?
False
Is 27763213 a composite number?
True
Is 2759599 composite?
False
Is 8302279 prime?
False
Is 5101647 a composite number?
True
Is 375749653 a composite number?
True
Is 1871743 a prime number?
True
Is 236627621 prime?
True
Is 177739 composite?
False
Is 24218333 prime?
False
Is 1279967 a composite number?
True
Is 2501051 prime?
False
Is 64829693 a composite number?
False
Is 34802837 a composite number?
False
Is 1112857 a composite number?
False
Is 53601682 prime?
False
Is 45264241 prime?
False
Is 2258101 composite?
True
Is 1807534121 composite?
False
Is 575987 composite?
False
Is 26464957 a prime number?
True
Is 2382561859 a composite number?
False
Is 4161221 prime?
True
Is 474702817 a prime number?
True
Is 22104811 prime?
False
Is 14634983 a composite number?
True
Is 42946457 a composite number?
False
Is 314967421 a prime number?
False
Is 977646457 a composite number?
False
Is 415445119 prime?
True
Is 24530147 composite?
False
Is 244039 composite?
True
Is 78843349 a prime number?
False
Is 1396607 a prime number?
True
Is 286973 prime?
True
Is 94901239 prime?
True
Is 6963571 a prime number?
False
Is 1471361 composite?
False
Is 1613507 a composite number?
True
Is 9996359 a composite number?
False
Is 549667 prime?
True
Is 4267337 a prime number?
True
Is 13535741 prime?
True
Is 5935786 prime?
False
Is 2146043 prime?
True
Is 390311455 a prime number?
False
Is 349030559 composite?
False
Is 172088861 a composite number?
True
Is 5333957 a prime number?
False
Is 105183545 a prime number?
False
Is 1985167 composite?
False
Is 504061 a prime number?
True
Is 36696503 a composite number?
True
Is 9306866 a composite number?
True
Is 79327751 composite?
False
Is 27374813 prime?
False
Is 33557339 a composite number?
False
Is 2331223 prime?
False
Is 54557211 composite?
True
Is 9591446 a prime number?
False
Is 3735271 a composite number?
False
Is 265453499 a composite number?
False
Is 464101453 a composite number?
True
Is 359791 composite?
True
Is 1083863 composite?
True
Is 64584523 a composite number?
True
Is 2394017 a prime number?
True
Is 16551121 prime?
False
Is 31919851 a composite number?
False
Is 282454037 composite?
True
Is 1126651 composite?
True
Is 244079497 a composite number?
False
Is 5058379 a composite number?
True
Is 110809207 a composite number?
True
Is 86995349 a prime number?
False
Is 190208455 composite?
True
Is 503803 a prime number?
True
Is 201122569 a prime number?
False
Is 13703159 prime?
False
Is 4015807 a prime number?
False
Is 112488503 prime?
True
Is 4749949 prime?
False
Is 140067457 a prime number?
True
Is 47599 composite?
False
Is 2612789 prime?
True
Is 1108621 a composite number?
True
Is 29289931 a composite number?
True
Is 4981331 composite?
True
Is 8186209 composite?
True
Is 11432039 composite?
False
Is 20332441 a prime number?
False
Is 1096067501 composite?
False
Is 626838967 a prime number?
True
Is 20042551 a prime number?
True
Is 97221457 a prime number?
False
Is 808649 a prime number?
False
Is 76667639 a prime number?
True
Is 1770089 a prime number?
True
Is 7988663 a composite number?
False
Is 7186895 a prime number?
False
Is 416295881 prime?
False
Is 6162049 a prime number?
False
Is 15762205 composite?
True
Is 11573207 a prime number?
False
Is 2116039 prime?
True
Is 1076191253 prime?
False
Is 3954611 a prime number?
True
Is 1284839 composite?
True
Is 25401379 a prime number?
True
Is 13794977 a composite number?
True
Is 14981321 composite?
False
Is 5518241 prime?
True
Is 27728753 composite?
True
Is 51021337 composite?
True
Is 7246009 composite?
True
Is 119418041 a composite number?
True
Is 2867889 a prime number?
False
Is 58181567 composite?
False
Is 25476599 prime?
True
Is 579593737 prime?
True
Is 6277553 a prime number?
True
Is 3358651 a prime number?
True
Is 119284013 a prime number?
True
Is 8364563 a prime number?
True
Is 3462698 composite?
True
Is 29201 prime?
True
Is 2657843 prime?
True
Is 45520141 prime?
False
Is 475808605 a prime number?
False
Is 9906103 a composite number?
True
Is 2349455 composite?
True
Is 14087033 composite?
True
Is 12179789 a composite number?
False
Is 6598439 prime?
True
Is 71576481 composite?
True
Is 819178 composite?
True
Is 8482255 prime?
False
Is 69561787 a prime number?
False
Is 77331869 a composite number?
True
Is 28349171 prime?
True
Is 13412303 composite?
True
Is 40483649 prime?
True
Is 388805 prime?
False
Is 854351 prime?
True
Is 1095629666 a prime number?
False
Is 1244107 a composite number?
True
Is 309147053 composite?
True
Is 2293237 a prime number?
False
Is 12863953 prime?
True
Is 7590437 a prime number?
False
Is 5583967 a prime number?
False
Is 128366089 composite?
False
Is 20819371 prime?
True
Is 117078977 prime?
True
Is 601309 a prime number?
True
Is 288034577 a composite number?
False
Is 107924339 composite?
False
Is 17222809 composite?
False
Is 58239151 a prime number?
False
Is 412745 a prime number?
False
Is 2849881 a prime number?
False
Is 7229239 a prime number?
True
Is 9512473 composite?
True
Is 89171457 composite?
True
Is 105658457 composite?
False
Is 7209347 prime?
True
Is 400360927 composite?
False
Is 1495597 a prime number?
True
Is 43058087 composite?
False
Is 22123951 composite?
True